me factors of (-2994)/r + (-54)/(-72)?
3, 5
Let s(q) = -14*q - 221. Let x be s(-16). Suppose 0 = -5*m - x*l + 5619 + 1258, 5*m - 6878 = -2*l. What are the prime factors of m?
2, 43
Suppose -9*m = 4*k - 13*m - 23416, 4*k + 2*m - 23386 = 0. List the prime factors of k.
5849
Let t(g) = -6*g**3 - 9 - 39*g**2 + 8*g**3 + 33*g - 16. Let y(j) = j**3 - 19*j**2 + 16*j - 13. Let b(s) = -4*t(s) + 9*y(s). What are the prime factors of b(15)?
163
Let y(r) be the second derivative of -257*r**3/3 - 40*r**2 + 165*r. List the prime factors of y(-2).
2, 3, 79
Let w be 3/(9/1140) - 2/2. Suppose -6*g + 2*g = 3*d - w, -5*g = 10. What are the prime factors of d?
3, 43
Let z be (2326/(-2))/((-8)/16). Let o = z + -1367. List the prime factors of o.
7, 137
Let f be (-1 - 2 - 3*-13)*1. Suppose -3*i - 5*z + 26 = 0, -5*i - 2*z + z + f = 0. Let b = 5 + i. What are the prime factors of b?
2, 3
Let b(h) = 1349*h + 11. Let r be b(4). Suppose 0 = -4*o - 1155 + r. List the prime factors of o.
1063
Let i(y) = -y**3 + 88*y**2 + 48*y - 150. List the prime factors of i(79).
3, 19937
Let t(h) = 21*h + 65. Let w = 29 + -16. List the prime factors of t(w).
2, 13
Let f(w) = -14102*w - 1121. List the prime factors of f(-2).
7, 53, 73
List the prime factors of 0 + 42457 + 9 + -1 + -7 + -6.
2, 10613
Suppose 23*q - 49 = 16*q. Suppose 0 = -q*f - 0*f + 2310. Suppose -39*r = -42*r + f. List the prime factors of r.
2, 5, 11
Suppose -x = -0*g + g + 23077, 0 = -5*g - 5. List the prime factors of 2/(1 + -5 + x/(-5766)).
31
Let l = -10181 + 14944. What are the prime factors of l?
11, 433
Let g = 45107 - 23393. What are the prime factors of g?
2, 3, 7, 11, 47
Let w be (2 - (-21076)/16) + (-36)/(-48). Let y = w - -43. List the prime factors of y.
29, 47
Let a(d) = 2*d - 4. Let g be a(3). Suppose 5*y = y - q + 71, -3*q - 39 = -g*y. List the prime factors of y.
2, 3
Let h = 9354 + -2025. What are the prime factors of h?
3, 7, 349
List the prime factors of (-2)/(-23) - 4051300/(-667).
2, 3037
Let i be (8/16)/(1/6). Suppose -3*s + 3*p + 2235 = 0, i*p = 9 + 3. List the prime factors of s.
7, 107
Let j = 22721 + -11116. List the prime factors of j.
5, 11, 211
Suppose -5*y = m - 55, -34 = -3*y + m - 9. Let l be y*(-8)/(-40) - -1*5. Suppose -4*h + l*h - 2*d - 113 = 0, -3*d = 5*h - 163. List the prime factors of h.
5, 7
Suppose -193*o + 240*o = 2051315. List the prime factors of o.
5, 7, 29, 43
Let a(d) = d**2 + 4*d + 7. Let v be a(-4). Suppose -531 = v*x + 1457. Let p = x - -407. What are the prime factors of p?
3, 41
Suppose -6*d + 33*i - 31*i = -171002, 0 = 5*d + 4*i - 142496. What are the prime factors of d?
2, 3, 5, 19
Suppose 0 = -0*h - 3*h - 24. Let l be (-19)/h + 12/(-32). Let f(t) = 5*t**3 + t**2 - 4*t + 5. What are the prime factors of f(l)?
41
Suppose 215 = 9*g + 638. Let m = g + 55. Suppose -m*x = -40 - 88. What are the prime factors of x?
2
Let c(n) = n**2 - 28*n + 40. Let o be c(13). Let l = 87 - o. What are the prime factors of l?
2, 11
Let b(d) = -6*d - 32. Let v be b(-6). Suppose -i = v*i. Suppose i = 2*y + 3 - 5, 139 = 2*h + 3*y. What are the prime factors of h?
2, 17
Let a be 19/(4/(-24) - 0). Let v = a - -47. Let h = 108 + v. What are the prime factors of h?
41
Let g = -131 - -133. Suppose -1729 = -g*j - 3*a, 5*j - 2*a - 5156 = -824. List the prime factors of j.
2, 433
Let q be (592/32)/((-2)/(-12)). Suppose q + 1893 = 6*b. What are the prime factors of b?
2, 167
Suppose -5*h = -15, -4*d - h + 6189 = -5142. Suppose -d = p - 13*p. What are the prime factors of p?
2, 59
Suppose 0 = -40*z - 67*z + 127*z - 37180. List the prime factors of z.
11, 13
Let d(l) = -8*l**3 - l**2 + 11*l + 23. Let c be -3*(-35)/(-15) - (-1 + -1). What are the prime factors of d(c)?
23, 41
Let o be 23 - (-5 - (-4 - 0)). Suppose -6*j = o*j - 16710. What are the prime factors of j?
557
Let c(r) = -2*r**2 + 13*r - 3. Let u be c(6). Suppose -5*z + 3 + 17 = 4*t, -u*z + 2*t = 10. Suppose z = -4*d + 2 + 66. List the prime factors of d.
17
Let q(t) = -963*t**3 + 2*t**2 + 102*t + 204. What are the prime factors of q(-2)?
2, 241
Suppose -2*l + 1635 = i + 129, -5*l + 3765 = -4*i. Let x = 1250 - l. What are the prime factors of x?
7, 71
Suppose 0 = -39*k + 31*k + 40. Suppose -50 + 1320 = k*o. List the prime factors of o.
2, 127
Let q(r) = 4*r**3 + 2*r**2 + r + 11630. What are the prime factors of q(0)?
2, 5, 1163
Let a = -798 - -5001. Suppose -a = -15*b + 5382. List the prime factors of b.
3, 71
Suppose -5*f + 125019 = -4*t, -39*f = -37*f + 5*t - 50001. List the prime factors of f.
11, 2273
Let k(r) = -5*r**3 - r**2 + 1. Let y be k(1). Let p be 4 + y + -3 + 6. Suppose 0 = p*i - 20 + 2. What are the prime factors of i?
3
Let c(n) = 2995*n**2 + 5*n + 19. What are the prime factors of c(2)?
3, 4003
Let b(p) = 14*p**2 + 3*p - 22. Let k(w) = -w**3 - 3*w**2 + 4*w + 5. Let r be k(-4). What are the prime factors of b(r)?
7
What are the prime factors of (2 - 42172/(-6))/(3 - 902/330)?
5, 5273
Suppose -59*t - 141072 = -62*t - 2*l, 0 = -2*t - l + 94048. What are the prime factors of t?
2, 2939
Let f(d) = -35*d + 132. Suppose 0*a - 14*a = 182. What are the prime factors of f(a)?
587
Let z(b) = b**3 + b - 1. Let u(c) = -2*c**3 - 6*c**2 + 14*c - 4. Let l(v) = -u(v) - 6*z(v). What are the prime factors of l(-7)?
2, 227
Suppose -d + 3*m - 246 = -26, -5*d - m - 1116 = 0. Let r = d + 946. List the prime factors of r.
3, 241
Suppose 4*n - i = 79623, -n + 16758 = -4*i - 3129. List the prime factors of n.
17, 1171
Suppose -2*n + 12 + 6 = 0. Suppose 0*m - m = -n. What are the prime factors of 37/m*61 - (-12)/54?
251
Suppose -16*q + 6143 = -11761. Suppose -4*u + 0*c + q = -5*c, -3*u = c - 825. What are the prime factors of u?
2, 3, 23
Let m = 4198 + 11510. List the prime factors of m.
2, 3, 7, 11, 17
Suppose 44*p - 89*p + 13185 = 0. Suppose -5 = 2*f + 2*l - 3, 4*l + 4 = -2*f. Suppose f = 6*r - 875 + p. What are the prime factors of r?
97
Let p(k) = k**3 + 38*k**2 - 204*k + 105. What are the prime factors of p(-39)?
2, 3, 5, 109
Let j(o) = -o**2 - 13*o + 95. Let p be j(-18). Suppose -14*c + 5510 = p*c. List the prime factors of c.
2, 5, 29
Suppose 80106 = 7*t - 2*o - 27489, 4*t = 3*o + 61468. What are the prime factors of t?
15373
Let c = 7067 - -29433. List the prime factors of c.
2, 5, 73
Suppose -13*w = -40*w + 158868. What are the prime factors of w?
2, 1471
Let s = -72 - -78. Suppose 4*t + 80 = -4*z, s*t - 16 = 2*z + 2*t. Let m(i) = -3*i + 51. List the prime factors of m(z).
3, 11
Let h = 20015 + -13862. List the prime factors of h.
3, 7, 293
Let y(r) = 150*r - 4782. List the prime factors of y(40).
2, 3, 7, 29
Let x = -5 - -9. Suppose -b + 79*n - 76*n = 418, 0 = 5*b + 5*n + 2170. List the prime factors of (6/(-5))/(x/b).
3, 43
Let h be 6*(-5)/(-15) + 5 + -2. Suppose -37 = -h*f - 57. List the prime factors of (21/12 + 1)/((-1)/f).
11
Suppose -2*j + 3*j = 5. Suppose 4*v + 0 = -3*q + 3, 5 = j*q + 5*v. What are the prime factors of -3*((-1)/q - 0) - -59?
2, 31
Let s(i) = 138*i**3 - 3*i**2 + 7*i - 4. Let t(w) = 2*w**3 + w**2 + 2*w - 1. Let z(c) = s(c) - 3*t(c). List the prime factors of z(2).
1033
What are the prime factors of ((-756)/(-15))/(13/(-22880)*-24)?
2, 3, 7, 11
Let i(h) = -9043*h - 2814. What are the prime factors of i(-2)?
2, 23, 83
Let x(s) = 2933*s + 120. What are the prime factors of x(4)?
2, 2963
Let o = -5758 - -14644. List the prime factors of o.
2, 3, 1481
Suppose w + 4*v = -19 + 2, -w + 2*v = -13. Suppose 0 = -3*f - 4*g + 2984, -w*g = -f - 0 + 1012. Suppose -f = -10*t - 0*t. List the prime factors of t.
2, 5
Suppose 13815 = -24*k + 63351. Let d = -1190 + k. List the prime factors of d.
2, 19, 23
Suppose 224*m + 15795 = 227*m. List the prime factors of m.
3, 5, 13
Suppose 12709 + 17533 = 3*u + l, -2*l = 14. What are the prime factors of u?
3, 3361
Let m be 34/16 - (36/32 - 1). Suppose 0*b = -4*u + 5*b + 75, -4*u = -m*b - 78. Suppose -17*j + u*j - 120 = 0. List the prime factors of j.
2, 5
Suppose 4*y + 5*a = 7*a + 12, 5*a - 20 = 0. Let o(v) = 24*v**2 - y - 33*v**2 + 6*v + 21*v**2. What are the prime factors of o(4)?
211
Let x = 69 - 86. Let n = x - -19. Suppose 0 = -n*h + 5*w + 180, 12 - 271 = -3*h + 2*w. What are the prime factors of h?
5, 17
Suppose -2*r - 3*p + 5067 - 36 = 0, -5021 = -2*r - p. What are the prime factors of r